{"id":24,"date":"2018-12-23T14:14:19","date_gmt":"2018-12-23T13:14:19","guid":{"rendered":"http:\/\/Skriptorium.Stadt-Sturmwind.de\/?page_id=24"},"modified":"2022-04-14T18:57:56","modified_gmt":"2022-04-14T17:57:56","slug":"das-skriptorium","status":"publish","type":"page","link":"https:\/\/Skriptorium.Stadt-Sturmwind.de\/?page_id=24","title":{"rendered":"Schreibstube"},"content":{"rendered":"\n<p>Alles wissenswerte \u00fcber das Skriptorium. Informationen zu den Angestellten der Schreibstube, sind <a href=\"https:\/\/Skriptorium.Stadt-Sturmwind.de\/?page_id=634\">hier<\/a> zu finden und die <a href=\"https:\/\/Skriptorium.Stadt-Sturmwind.de\/?page_id=227\">FAQ-Seite<\/a> hilft h\u00e4ufig gestellte Fragen zu kl\u00e4ren.<\/p>\n\n\n\n<!--more Weiterlesen-->\n\n\n\n<hr class=\"wp-block-separator is-style-wide\"\/>\n\n\n<h2 class=\"wp-block-heading\" id=\"stube\">Die Stube<\/h2>\n\n\n<p>Eine schmatische \u00dcbersicht der Schreibstube wie eine Beschreibung des Innenraumes.<\/p>\n\n\n\n<div id=\"premium-banner-36910db2-5c83-4dcb-b8f6-5510fa7cae68\" class=\"wp-block-premium-banner premium-banner premium-banner__responsive_false false premium-banner-36910db2-5c83-4dcb-b8f6-5510fa7cae68\"><div class=\"premium-banner__inner premium-banner__min premium-banner__effect2 premium-banner__zoomin hover_false\" style=\"box-shadow:0px 0px 0px undefined ;border-style:solid;border-width:1px;border-radius:5px;border-color:#555555\"><div class=\"premium-banner__img_wrap premium-banner__default\" style=\"min-height:10px;align-items:top\"><img loading=\"lazy\" decoding=\"async\" width=\"1500\" height=\"1425\" class=\"premium-banner__img wp-image-682\" alt=\"Banner Image\" src=\"https:\/\/Skriptorium.Stadt-Sturmwind.de\/wp-content\/uploads\/2019\/05\/s_inside.jpg\" style=\"filter:brightness( 100% ) contrast( 100% ) saturate( 100% ) blur( 0px ) hue-rotate( 0deg )\" srcset=\"https:\/\/Skriptorium.Stadt-Sturmwind.de\/wp-content\/uploads\/2019\/05\/s_inside.jpg 1500w, https:\/\/Skriptorium.Stadt-Sturmwind.de\/wp-content\/uploads\/2019\/05\/s_inside-300x285.jpg 300w, https:\/\/Skriptorium.Stadt-Sturmwind.de\/wp-content\/uploads\/2019\/05\/s_inside-768x730.jpg 768w, https:\/\/Skriptorium.Stadt-Sturmwind.de\/wp-content\/uploads\/2019\/05\/s_inside-1024x973.jpg 1024w\" sizes=\"auto, (max-width: 706px) 89vw, (max-width: 767px) 82vw, 740px\" \/><\/div><div class=\"premium-banner__content\" style=\"background:#333333\"><div class=\"premium-banner__title_wrap\" style=\"text-align:left\"><h4 class=\"premium-banner__title\" style=\"color:#cccccc;line-height:undefinedpx;text-shadow:0px 0px 0px undefined\">Grundriss der Schreibstube<\/h4><\/div><div class=\"premium-banner__desc_wrap\" style=\"text-align:left\"><p class=\"premium-banner__desc\" style=\"color:#cccccc;font-weight:800;line-height:0px;text-shadow:0px 0px 0px transparent\"> <br\/>Bild erstellt duch: Zarethan Nebelkr\u00e4he <\/p><\/div><\/div><\/div><\/div>\n\n\n\n<p>Auf einer Fl\u00e4che von ungef\u00e4hr Neun zu Neun Metern erstreckt sich die R\u00e4umlichkeit der Schreibstube.<\/p>\n\n\n\n<p>Betritt man die Stube, so erstreckend sich zur Linken, wie geradeaus zwei Sitzgruppen. W\u00e4hrend jene vornweg sich jedoch um einen schweren Tisch gruppiert, so ist die zur Linken nur eine Ansammlung von St\u00fchlen, deren Ausrichtung schnell nach Bedarf gew\u00e4hlt werden kann.<\/p>\n\n\n\n<p>Setzt man seinen Weg in die Raum fort, so schreitet man zu n\u00e4chst an einem kleinen Beistelltisch zur Rechten vorbei, welcher zumeist Probeexemplare von Buchrohlingen, wie B\u00fccherbunden zur Schau tr\u00e4gt.<\/p>\n\n\n\n<p>Diagonal hinweg, in der verbliebenen Ecke des Raumes, ordnen sich um einen f\u00fcr schnelle Korrekturen oder erste Entw\u00fcrfe ausgestatteten Schreiberpult zwei Regalgruppen an. Das alleinstehende Regal tr\u00e4gt zu meist B\u00fccher, deren neuwertig wirkenden B\u00e4nde unterschiedlichste Titel tragen. Ein Hauch des Dufts von Buchleim umwebt den Bereich um jenen Regal herum und deutet an, dass der Bund einiger der B\u00fccher nicht lang zur\u00fcck liegen kann. Die verbliebene Regalgruppe hingegen tr\u00e4gt Utensilien, die f\u00fcr die Schriftarbeit unabdingbar sind. Tinten, Stifte, Papiere und Pergamente wie Buch- und Heftrohlinge, wie gebundene B\u00fccher, Hefte und Mappen mit leeren Seiten, dr\u00e4ngen sich dort dicht an dicht auf den Brettern.<\/p>\n\n\n\n<hr class=\"wp-block-separator is-style-wide\"\/>\n\n\n<h2 class=\"wp-block-heading\" id=\"anreise\">Anreise<\/h2>\n\n\n<p>Ihr w\u00fcrdet gerne das Skriptorium besuchen aber wisst nicht wo? Hier findet ihr alles was ihr wissen m\u00fcsst!<\/p>\n\n\n\n<div id=\"premium-banner-bda7e035-fdf8-4e69-8320-468d0a120ff9\" class=\"wp-block-premium-banner premium-banner premium-banner__responsive_false false premium-banner-bda7e035-fdf8-4e69-8320-468d0a120ff9\"><div class=\"premium-banner__inner premium-banner__min premium-banner__effect3 premium-banner__none hover_false\" style=\"box-shadow:0px 0px 0px undefined ;border-style:solid;border-width:1px;border-radius:5px;border-color:#555555\"><div class=\"premium-banner__img_wrap premium-banner__default\" style=\"align-items:flex-start\"><img loading=\"lazy\" decoding=\"async\" width=\"2560\" height=\"1440\" class=\"premium-banner__img wp-image-99\" alt=\"Banner Image\" src=\"https:\/\/Skriptorium.Stadt-Sturmwind.de\/wp-content\/uploads\/2018\/12\/skriptorium.jpg\" style=\"filter:brightness( 100% ) contrast( 100% ) saturate( 100% ) blur( 0px ) hue-rotate( 0deg )\" srcset=\"https:\/\/Skriptorium.Stadt-Sturmwind.de\/wp-content\/uploads\/2018\/12\/skriptorium.jpg 2560w, https:\/\/Skriptorium.Stadt-Sturmwind.de\/wp-content\/uploads\/2018\/12\/skriptorium-300x169.jpg 300w, https:\/\/Skriptorium.Stadt-Sturmwind.de\/wp-content\/uploads\/2018\/12\/skriptorium-768x432.jpg 768w, https:\/\/Skriptorium.Stadt-Sturmwind.de\/wp-content\/uploads\/2018\/12\/skriptorium-1024x576.jpg 1024w\" sizes=\"auto, (max-width: 706px) 89vw, (max-width: 767px) 82vw, 740px\" \/><\/div><div class=\"premium-banner__content\" style=\"background:transparent\"><div class=\"premium-banner__title_wrap\" style=\"text-align:left\"><h4 class=\"premium-banner__title\" style=\"color:#cccccc;line-height:15px;text-shadow:0px 0px 0px undefined\">Das Skriptorium<\/h4><\/div><div class=\"premium-banner__desc_wrap\" style=\"text-align:left\"><p class=\"premium-banner__desc\" style=\"color:#cccccc;line-height:25px;text-shadow:0px 0px 0px undefined\">Im Geb\u00e4ude von Sturmwinds Schreibermeister<\/p><\/div><\/div><a class=\"premium-banner__link\" href=\"https:\/\/skriptorium.stadt-sturmwind.de\/wp-content\/uploads\/2018\/12\/skriptorium.jpg\" rel=\"noopener\"><\/a><\/div><\/div>\n\n\n\n<p>Das Skriptorium befindet sich nahe dem Kanal, der das Magierviertel und den Handelsdistrikt verbindet. Ein ausgestelltes Ladenschild, weist stehts Interessierte und Passanten darauf hin, wenn jenes ge\u00f6ffnet ist.<\/p>\n\n\n\n<div id=\"premium-banner-8f47f88d-42d9-4e2f-961a-4915706798eb\" class=\"wp-block-premium-banner premium-banner premium-banner__responsive_false false premium-banner-8f47f88d-42d9-4e2f-961a-4915706798eb\"><div class=\"premium-banner__inner premium-banner__min premium-banner__effect4 premium-banner__none hover_false\" style=\"box-shadow:0px 0px 0px undefined ;border-style:solid;border-width:1px;border-radius:5px;border-color:#555555\"><div class=\"premium-banner__img_wrap premium-banner__default\" style=\"align-items:top\"><img loading=\"lazy\" decoding=\"async\" width=\"2039\" height=\"1361\" class=\"premium-banner__img wp-image-100\" alt=\"Banner Image\" src=\"https:\/\/Skriptorium.Stadt-Sturmwind.de\/wp-content\/uploads\/2018\/12\/location_scrip.jpg\" style=\"filter:brightness( 100% ) contrast( 100% ) saturate( 100% ) blur( 0px ) hue-rotate( 0deg )\" srcset=\"https:\/\/Skriptorium.Stadt-Sturmwind.de\/wp-content\/uploads\/2018\/12\/location_scrip.jpg 2039w, https:\/\/Skriptorium.Stadt-Sturmwind.de\/wp-content\/uploads\/2018\/12\/location_scrip-300x200.jpg 300w, https:\/\/Skriptorium.Stadt-Sturmwind.de\/wp-content\/uploads\/2018\/12\/location_scrip-768x513.jpg 768w, https:\/\/Skriptorium.Stadt-Sturmwind.de\/wp-content\/uploads\/2018\/12\/location_scrip-1024x684.jpg 1024w\" sizes=\"auto, (max-width: 706px) 89vw, (max-width: 767px) 82vw, 740px\" \/><\/div><div class=\"premium-banner__content\" style=\"background:transparent\"><div class=\"premium-banner__title_wrap\" style=\"text-align:left\"><h3 class=\"premium-banner__title\" style=\"line-height:undefinedpx;text-shadow:0px 0px 0px undefined\"><\/h3><\/div><div class=\"premium-banner__desc_wrap\" style=\"text-align:left\"><p class=\"premium-banner__desc\" style=\"color:#cccccc;line-height:10px;text-shadow:0px 0px 0px undefined\">Ihr findet das Skriptorium beim gelben Stern!<br\/><\/p><\/div><\/div><a class=\"premium-banner__link\" href=\"https:\/\/Skriptorium.Stadt-Sturmwind.de\/wp-content\/uploads\/2018\/12\/location_scrip.jpg\" rel=\"noopener\"><\/a><\/div><\/div>\n","protected":false},"excerpt":{"rendered":"<p>Alles wissenswerte \u00fcber das Skriptorium. Informationen zu den Angestellten der Schreibstube, sind hier zu finden und die FAQ-Seite hilft h\u00e4ufig gestellte Fragen zu kl\u00e4ren.<\/p>\n","protected":false},"author":1,"featured_media":0,"parent":18,"menu_order":0,"comment_status":"closed","ping_status":"closed","template":"","meta":{"footnotes":""},"class_list":["post-24","page","type-page","status-publish","hentry"],"pbg_featured_image_src":{"full":false,"thumbnail":false,"medium":false,"medium_large":false,"large":false,"1536x1536":false,"2048x2048":false,"rcno-book-cover-lg":false,"rcno-book-cover-sm":false,"twentyseventeen-featured-image":false,"twentyseventeen-thumbnail-avatar":false},"pbg_author_info":{"display_name":"Das Skriptorium","author_link":"","author_img":false},"pbg_comment_info":" No Comments","pbg_excerpt":"Alles wissenswerte \u00fcber das Skriptorium. Informationen zu den Angestellten der Schreibstube, sind hier zu finden und die FAQ-Seite hilft h\u00e4ufig gestellte Fragen zu kl\u00e4ren.","_links":{"self":[{"href":"https:\/\/Skriptorium.Stadt-Sturmwind.de\/index.php?rest_route=\/wp\/v2\/pages\/24","targetHints":{"allow":["GET"]}}],"collection":[{"href":"https:\/\/Skriptorium.Stadt-Sturmwind.de\/index.php?rest_route=\/wp\/v2\/pages"}],"about":[{"href":"https:\/\/Skriptorium.Stadt-Sturmwind.de\/index.php?rest_route=\/wp\/v2\/types\/page"}],"author":[{"embeddable":true,"href":"https:\/\/Skriptorium.Stadt-Sturmwind.de\/index.php?rest_route=\/wp\/v2\/users\/1"}],"replies":[{"embeddable":true,"href":"https:\/\/Skriptorium.Stadt-Sturmwind.de\/index.php?rest_route=%2Fwp%2Fv2%2Fcomments&post=24"}],"version-history":[{"count":45,"href":"https:\/\/Skriptorium.Stadt-Sturmwind.de\/index.php?rest_route=\/wp\/v2\/pages\/24\/revisions"}],"predecessor-version":[{"id":3254,"href":"https:\/\/Skriptorium.Stadt-Sturmwind.de\/index.php?rest_route=\/wp\/v2\/pages\/24\/revisions\/3254"}],"up":[{"embeddable":true,"href":"https:\/\/Skriptorium.Stadt-Sturmwind.de\/index.php?rest_route=\/wp\/v2\/pages\/18"}],"wp:attachment":[{"href":"https:\/\/Skriptorium.Stadt-Sturmwind.de\/index.php?rest_route=%2Fwp%2Fv2%2Fmedia&parent=24"}],"curies":[{"name":"wp","href":"https:\/\/api.w.org\/{rel}","templated":true}]}}